{"id":19,"date":"2018-09-04T12:28:20","date_gmt":"2018-09-04T12:28:20","guid":{"rendered":"https:\/\/2018.montevideo.wordcamp.org\/code-of-conduct\/"},"modified":"2018-10-08T15:32:35","modified_gmt":"2018-10-08T15:32:35","slug":"codigo-de-conducta","status":"publish","type":"page","link":"https:\/\/montevideo.wordcamp.org\/2018\/codigo-de-conducta\/","title":{"rendered":"C\u00f3digo de Conducta"},"content":{"rendered":"\n<h3 class=\"wp-block-heading\">C\u00f3digo De Conducta<\/h3>\n\n\n<div class=\"entry-content\">\n<h2>PROP\u00d3SITO<\/h2>\n<p>WordCamp Montevideo cree que nuestra comunidad debe estar abierta para todo el mundo. Como tal, estamos comprometidos a proporcionar un ambiente agradable, seguro y acogedor para todos, independientemente de su sexo, orientaci\u00f3n sexual, discapacidad, etnia, religi\u00f3n, sistema operativo preferido, lenguaje de programaci\u00f3n o editor de texto.<\/p>\n<p>Este c\u00f3digo de conducta resume nuestras expectativas para el comportamiento de los participantes, as\u00ed como las consecuencias de un comportamiento inaceptable.<\/p>\n<p>Instamos a todos los patrocinadores, voluntarios, conferenciantes, asistentes y otros participantes a ayudarnos a tener una experiencia de conferencia segura y positiva para todos.<\/p>\n<h2>COMUNIDAD OPEN SOURCE<\/h2>\n<p>Un objetivo adicional de este c\u00f3digo de conducta es incrementar la Comunidad Open Source, alentando a los participantes a reconocer y fortalecer las relaciones entre lo que hacemos y la sociedad en general<\/p>\n<p>Al servicio de este objetivo, los organizadores de WordCamp Montevideo tomar\u00e1n notas para realizar nominaciones de los miembros ejemplares de la comunidad durante todo el evento y reconocer\u00e1n a los seleccionados despu\u00e9s de la conferencia en el sitio web.<\/p>\n<p>Queremos saber si ves a alguien que est\u00e1 haciendo un esfuerzo extra para asegurar que nuestra comunidad sea acogedora, amable y alienta a todos los participantes a contribuir en la mayor medida.<\/p>\n<h2>COMPORTAMIENTO ESPERADO<\/h2>\n<p>Sea considerado, respetuoso y colaborativo.<\/p>\n<p>Abstenerse de conducta y lenguaje degradante, discriminatorio o de acoso.<\/p>\n<p>Sea consciente de su entorno y de sus compa\u00f1eros. Alerte a los organizadores de la conferencia si usted nota una situaci\u00f3n peligrosa o que alguien est\u00e1 en peligro.<\/p>\n<p>Participe de una manera aut\u00e9ntica y activa. Al hacerlo, usted ayuda a crear WordCamp Montevideo y eso cuenta.<\/p>\n<h2>COMPORTAMIENTO INACEPTABLE<\/h2>\n<p>Entre los comportamientos inaceptables se incluyen: intimidaci\u00f3n, acoso, abusivo conducta discriminatoria, despectiva o degradante por parte de cualquier asistentes WordCamp Montevideo y eventos relacionados. Lugares WordCamp Montevideo puede compartir espacios con otras personas; por favor ser respetuoso con todos en estos lugares.<\/p>\n<p>El acoso incluye: comentarios verbales ofensivos relacionados con el g\u00e9nero, la orientaci\u00f3n sexual, la raza, la religi\u00f3n, la discapacidad; uso inadecuado de desnudos y\/o im\u00e1genes sexuales en espacios p\u00fablicos (incluyendo diapositivas en la presentaci\u00f3n); intimidaci\u00f3n deliberada, acecho o siguiente; acosar fotograf\u00eda o grabaci\u00f3n; interrupci\u00f3n sostenida de charlas y otros eventos; contacto f\u00edsico inapropiado y atenci\u00f3n sexual no deseada.<\/p>\n<h2>CONSECUENCIAS DE COMPORTAMIENTO INACEPTABLE<\/h2>\n<p>El comportamiento inaceptable no ser\u00e1 tolerado por los dem\u00e1s asistentes, organizadores, personal del evento, patrocinadores u otras personas que compartan espacio con la WordCamp Montevideo.<\/p>\n<p>Se espera que ante un comportamiento inaceptable sea detenido inmediatamente.<\/p>\n<p>Si un participante se involucra en una conducta inaceptable, los organizadores de la conferencia pueden tomar cualquier acci\u00f3n que consideren apropiada, hasta la expulsi\u00f3n de la conferencia sin previo aviso o reembolso.<\/p>\n<h2>\u00bfQU\u00c9 HACER SI USTED ES TESTIGO O ES OBJETO DE COMPORTAMIENTO INACEPTABLE?<\/h2>\n<p>Si usted est\u00e1 sujeto a un comportamiento inaceptable, nota que alguien est\u00e1 siendo objeto del mismo, o tiene otras preocupaciones, por favor notifique a un organizador de la conferencia tan pronto como le sea posible.<\/p>\n<p>El equipo WordCamp Montevideo estar\u00e1 disponible para ayudar a los participantes en el contacto con seguridad o la polic\u00eda local, para proporcionar servicios de acompa\u00f1antes, o para ayudar de otra manera a los que experimenten un comportamiento inaceptable o que se sientan seguros durante la duraci\u00f3n de la conferencia.<\/p>\n<p>Cualquier voluntario puede conectar con un organizador de la conferencia. Tambi\u00e9n puede llegar al mostrador especial de inscripci\u00f3n en el vest\u00edbulo y pedirlo a los organizadores.<\/p>\n<h2>ALCANCE<\/h2>\n<p>Esperamos que todos los participantes de la conferencia (patrocinadores, voluntarios, ponentes, asistentes y otros invitados) respeten el c\u00f3digo de conducta en todas las salas y los eventos sociales relacionados.<\/p>\n<h2>INFORMACI\u00d3N DE CONTACTO<\/h2>\n<p>Correo: <span style=\"font-weight: 400\"><a href=\"mailto:montevideo@wordcamp.org\">montevideo@wordcamp.org<\/a> <\/span><\/p>\n<h2>LICENCIA Y ATRIBUCI\u00d3N<\/h2>\n<p>Este C\u00f3digo de Conducta est\u00e1 adaptado a nuestro evento partiendo del trabajo del Open Source Bridge. El original est\u00e1 disponible en http:\/\/opensourcebridge.org\/about\/code-of-conduct y est\u00e1 liberado bajo la misma licencia Creative Commons Reconocimiento \u2013 Compartir.<\/p>\n<\/div>","protected":false},"excerpt":{"rendered":"<p>C\u00f3digo De Conducta PROP\u00d3SITO WordCamp Montevideo cree que nuestra comunidad debe estar abierta para todo el mundo. Como tal, estamos comprometidos a proporcionar un ambiente agradable, seguro y acogedor para todos, independientemente de su sexo, orientaci\u00f3n sexual, discapacidad, etnia, religi\u00f3n, sistema operativo preferido, lenguaje de programaci\u00f3n o editor de texto. Este c\u00f3digo de conducta resume &hellip; <\/p>\n<p class=\"link-more\"><a href=\"https:\/\/montevideo.wordcamp.org\/2018\/codigo-de-conducta\/\" class=\"more-link\">Continuar leyendo<span class=\"screen-reader-text\"> \u00abC\u00f3digo de Conducta\u00bb<\/span><\/a><\/p>\n","protected":false},"author":15583525,"featured_media":0,"parent":0,"menu_order":0,"comment_status":"closed","ping_status":"closed","template":"","meta":{"_crdt_document":"","jetpack_post_was_ever_published":false,"footnotes":""},"class_list":["post-19","page","type-page","status-publish","hentry"],"jetpack_sharing_enabled":true,"jetpack_shortlink":"https:\/\/wp.me\/PagwAz-j","_links":{"self":[{"href":"https:\/\/montevideo.wordcamp.org\/2018\/wp-json\/wp\/v2\/pages\/19","targetHints":{"allow":["GET"]}}],"collection":[{"href":"https:\/\/montevideo.wordcamp.org\/2018\/wp-json\/wp\/v2\/pages"}],"about":[{"href":"https:\/\/montevideo.wordcamp.org\/2018\/wp-json\/wp\/v2\/types\/page"}],"author":[{"embeddable":true,"href":"https:\/\/montevideo.wordcamp.org\/2018\/wp-json\/wp\/v2\/users\/15583525"}],"replies":[{"embeddable":true,"href":"https:\/\/montevideo.wordcamp.org\/2018\/wp-json\/wp\/v2\/comments?post=19"}],"version-history":[{"count":6,"href":"https:\/\/montevideo.wordcamp.org\/2018\/wp-json\/wp\/v2\/pages\/19\/revisions"}],"predecessor-version":[{"id":548,"href":"https:\/\/montevideo.wordcamp.org\/2018\/wp-json\/wp\/v2\/pages\/19\/revisions\/548"}],"wp:attachment":[{"href":"https:\/\/montevideo.wordcamp.org\/2018\/wp-json\/wp\/v2\/media?parent=19"}],"curies":[{"name":"wp","href":"https:\/\/api.w.org\/{rel}","templated":true}]}}